be -7 + -17 + -1*(-5 + 1). Let x = k - -36. What is the highest common factor of r and x?
8
Let d(x) = -6*x + 24. Let r be d(4). Suppose r = -4*o + 20, 2*j + 19 = -j + 5*o. Suppose -11*h = -j*h - 279. What is the greatest common divisor of 155 and h?
31
Let p be (2/4)/(4/120). Let l be -2 + -4 + (-11 + 5)*-11. What is the greatest common factor of p and l?
15
Let f = 7693 + -6053. Calculate the highest common factor of 160 and f.
40
Suppose 73*v + 139*v - 67*v - 1740 = 0. What is the highest common divisor of 78 and v?
6
Suppose -102*v = 2*v - 6471 + 2207. Calculate the greatest common factor of v and 4223.
41
Let z = 302 + -307. Let y(x) = -2*x**2 - 9*x + 11. Let m be y(z). What is the highest common divisor of 150 and m?
6
Suppose 12148 - 387 = -6*d + 71863. What is the greatest common divisor of 7 and d?
7
Let d be ((-3)/120*-24)/(2/50). Calculate the highest common divisor of 513 and d.
3
Suppose 0 = -68*a + 54*a + 14. Let j be 3 + 1 - -2*2/a. What is the highest common factor of 680 and j?
8
Let n = 9558 - 9488. What is the highest common factor of 1690 and n?
10
Suppose -5*f = -10*w + 15*w - 945, 753 = 4*f + 5*w. What is the greatest common factor of 1296 and f?
48
Let s be -1*(1*24)/(-2). Suppose -m + 19 = -r, 49 = m - 27*r + 32*r. Calculate the greatest common divisor of m and s.
12
Suppose 2*y - 414 = -5*m, -4*m = -6*y + y - 351. Suppose -93*x + 900 = -m*x. What is the highest common factor of x and 450?
50
Suppose 5*b + 293 = n + 2*n, 5*n = -4*b + 513. Suppose 0 = -n*s + 109*s - 64. What is the greatest common divisor of s and 34?
2
Let j = 76 - -89. Suppose -47*c + j + 2232 = 0. Calculate the greatest common divisor of 51 and c.
51
Suppose 0 = -5*b - 2*r + 1544, 0 = -53*r + 50*r + 6. Calculate the highest common factor of b and 63.
7
Let q be (-422)/(-15) + (32/(-30))/8. Suppose 16*s + 192 = q*s. Calculate the highest common divisor of s and 16.
16
Let z(x) = -248*x + 3506. Let c be z(10). What is the highest common factor of 912 and c?
114
Let q = -4311 - -4326. What is the greatest common divisor of q and 192?
3
Suppose 0 = -2*w - 2*x + 64, -x + 2 = 1. Suppose -18*o = -w*o + 520. What is the highest common divisor of o and 10?
10
Let u be (-4 - -1) + 1412 - (-10)/35*-14. Calculate the highest common factor of 65 and u.
5
Let t be (-2)/3*(-6)/(-4). Let n(l) = -32*l - 4. Let a be n(t). What is the greatest common divisor of 4 and a?
4
Suppose -9 = -5*k + 1. Suppose k*m - u = 71, 2*m + 0*m - 2*u = 74. Let p be ((-1584)/(-11))/18 - -77. Calculate the greatest common factor of m and p.
17
Let i be ((-2278)/(-68) - 37)*(-188)/7. What is the highest common factor of 206 and i?
2
Suppose -18962 = -37*n + 13620 - 8976. Calculate the highest common divisor of 522 and n.
58
Let p be (-7)/4 - (-5)/(-80)*-76. What is the highest common factor of p and 363?
3
Let i(x) = -337*x - 1. Let t be i(-1). Suppose -24 + t = 2*l. Calculate the greatest common factor of l and 39.
39
Suppose -5*g - 2*k = 40 + 30, 3*k + 15 = 0. Let o be (-544)/8*1*9/g. Calculate the greatest common factor of 9 and o.
3
Let s be 1*11*1 + (-270)/(-54). Let r(f) = 4*f - 34. Let o be r(s). Calculate the highest common divisor of 15 and o.
15
Suppose -2*b + 4130 = -4*p, -4*p - 7136 = -4*b + 1128. What is the greatest common factor of b and 39?
39
Let r = 84190 + -59566. Suppose -30*q + 3*q = -r. What is the highest common factor of q and 48?
48
Let f = 2681 + -2591. Calculate the greatest common divisor of 42 and f.
6
Let n(m) = 21*m - 14. Let t be n(5). Suppose -3*s - 72 = -150. What is the highest common factor of s and t?
13
Suppose -10196 = -24*k + 4588. Suppose 12*h - k = 1004. Calculate the highest common factor of 30 and h.
15
Suppose 234*n - 235*n + 218 = 0. Suppose 102 + n = 4*b. Calculate the greatest common divisor of b and 16.
16
Let m = -322 + 323. Let g be (638/m)/(5 - 3). Calculate the highest common factor of 58 and g.
29
Suppose -2*m + 24 = -5*m. Let x be -6*(-2 + (-12)/m). Suppose 3*k + x*q - 29 = q, -2*q = 10. What is the greatest common factor of 104 and k?
13
Let f(r) = 200*r**2 + 4*r - 3. Let o be f(2). Let t be 4 + ((-696)/(-6) - (7 - 2)). Calculate the highest common divisor of o and t.
115
Let n(m) = -m - 30. Suppose 0 = 4*i - a - 30, 3*i - 5*a - 13 = 18. Let s be n(i). Let j = -7 - s. Calculate the highest common divisor of 6 and j.
6
Suppose 42 = -25*n + 19*n + 348. Let k(t) = -t. Let m be k(0). Suppose 2*a - 68 = -m*a. Calculate the highest common divisor of n and a.
17
Let b = -272023 - -272223. Let d be -2 - (-1 + (-18)/2). What is the greatest common factor of b and d?
8
Let q(x) = x**3 + 32*x**2 + 174*x + 37. Let w be q(-24). Calculate the greatest common divisor of w and 63.
7
Suppose 88*h - 84*h = 12. Suppose -9*y + h*y = -1950. Calculate the greatest common divisor of 13 and y.
13
Let j be 1053/(171/18 - 8). Let t = j - 697. What is the greatest common divisor of 70 and t?
5
Let c be 4/8 + (-81)/2. Let g be (-144)/c + (-4)/(-10). Let j be 5/2*-3*(-1160)/725. What is the highest common factor of g and j?
4
Let k(o) = o**3 + 2*o**2 - 2*o - 2. Let f be k(2). Let z be (-62 + 82)*(126/f - 1). Calculate the greatest common factor of z and 8.
8
Let l(x) = -2*x**3 + 11*x**2 - 7*x + 19. Suppose -2*j + 10 = 2*t, t + 5 = j - 2*t. Let s be l(j). Calculate the greatest common factor of s and 2.
1
Suppose -69 = -14*c - 13. Let u(j) = 25*j - 42. Let y be u(c). What is the highest common divisor of y and 2?
2
Suppose 2*b - 94 = -2*s, 143 = -0*s + 3*s + 4*b. Suppose s = 3*g - 15. Suppose -r = -g - 18. Calculate the highest common divisor of 114 and r.
38
Suppose r = -3*q - r - 9, 3 = -q + 3*r. Let f = q + 11. Let y be (-8)/(-4) + 1/((-1)/(-18)). Calculate the greatest common divisor of f and y.
4
Let l = 48514 + -48213. Let d = -12 + 19. What is the highest common factor of l and d?
7
Let d be 0 + 50 + (3 - 3). Let i(s) = 3*s - 37. Let x be i(12). Let f = x - -11. Calculate the highest common factor of f and d.
10
Suppose 0 = -2*d + 2 + 6. Let p be ((-2)/(-2))/(1/(-2)). Let u be p/(-10) - (-2552)/40. What is the greatest common divisor of d and u?
4
Let y = 3433 - 2804. What is the greatest common factor of 187 and y?
17
Suppose 56*y = -5*g + 58*y + 50824, -2*g = -y - 20328. What is the greatest common factor of 4 and g?
4
Suppose -13*i + 6*i = -9*i + 170. Calculate the greatest common factor of 221 and i.
17
Suppose 3*m = 4*q - 147, 37*m = 2*q + 41*m - 90. Calculate the greatest common factor of 2158 and q.
13
Suppose -2*i - p - 4*p + 1748 = 0, -5*p + 4310 = 5*i. What is the greatest common factor of i and 4?
2
Suppose -2*n - 3*n - 3*b = -122, 4*n - 96 = -2*b. Suppose 172*u - 306 = 19*u. Calculate the greatest common factor of u and n.
2
Let g = 14 + -9. Suppose g*w - 550 = y, -2*w - 4*y = w - 330. Let d = 16 - 6. Calculate the greatest common divisor of w and d.
10
Suppose -p = -2*x + 4*p + 889, 3*x + 5*p - 1271 = 0. Let k = x - 371. What is the greatest common factor of k and 244?
61
Let w be 14/8 - 2265497/(-916). What is the greatest common factor of w and 1125?
225
Suppose -4 + 10 = 2*n. Suppose -n*v = -0 - 48. Let y be (2 + (-33)/12)/((-5754)/(-1152) + -5). What is the highest common factor of v and y?
16
Suppose -20*c = 4*y - 197 - 812 - 95, 0 = y - 16. Suppose -2*l + 22 = 2*i, l = -l - i + 24. What is the highest common divisor of l and c?
13
Let l = -4914 + 4982. Calculate the highest common factor of l and 1258.
34
Let z = 20 - -88. Suppose 81 = -3*v - z. Let w = v + 65. Calculate the highest common factor of 24 and w.
2
Let i = 1461 - 951. Let b = -67 + 97. Calculate the highest common divisor of b and i.
30
Let y = -4431 - -4587. Calculate the greatest common factor of y and 594.
6
Suppose -4*u = -4*h + 1324, -u - 295 - 361 = -2*h. What is the greatest common divisor of 845 and h?
65
Suppose 0 = -5*j - 3*u + 7903, -3*j - 3*u + 190 + 4553 = 0. What is the highest common factor of 20 and j?
20
Suppose 3*o + 1545 + 3575 = 5*o. What is the greatest common factor of o and 32?
32
Let l be (70 - 73)/(1 - (-68)/(-65)). Suppose -l*d + 49*d = -1728. Calculate the greatest common factor of d and 27.
27
Suppose 387*o = 389*o - 116. Suppose 156 = -54*k + o*k. Calculate the highest common divisor of k and 39.
39
Let s(i) = 14*i - 24*i + 13*i + 9*i. Let l be